{"id":127,"date":"2020-07-31T10:03:42","date_gmt":"2020-07-31T10:03:42","guid":{"rendered":"https:\/\/www.ib-caddy.com\/ibwp-electrical\/?page_id=127"},"modified":"2024-01-31T09:14:05","modified_gmt":"2024-01-31T09:14:05","slug":"training","status":"publish","type":"page","link":"https:\/\/electrical.ib-caddy.com\/hr-bih-sr-cg\/training\/","title":{"rendered":"Obuka"},"content":{"rendered":"<div data-elementor-type=\"wp-page\" data-elementor-id=\"127\" class=\"elementor elementor-127\" data-elementor-settings=\"{&quot;ha_cmc_init_switcher&quot;:&quot;no&quot;}\" data-elementor-post-type=\"page\">\n\t\t\t\t\t\t<section class=\"elementor-section elementor-top-section elementor-element elementor-element-2c209ae elementor-section-boxed elementor-section-height-default elementor-section-height-default\" data-id=\"2c209ae\" data-element_type=\"section\" data-e-type=\"section\" data-settings=\"{&quot;background_background&quot;:&quot;classic&quot;,&quot;_ha_eqh_enable&quot;:false}\">\n\t\t\t\t\t\t\t<div class=\"elementor-background-overlay\"><\/div>\n\t\t\t\t\t\t\t<div class=\"elementor-container elementor-column-gap-default\">\n\t\t\t\t\t<div class=\"elementor-column elementor-col-100 elementor-top-column elementor-element elementor-element-15e12da\" data-id=\"15e12da\" data-element_type=\"column\" data-e-type=\"column\">\n\t\t\t<div class=\"elementor-widget-wrap elementor-element-populated\">\n\t\t\t\t\t\t<div class=\"elementor-element elementor-element-96ad106 elementor-widget elementor-widget-spacer\" data-id=\"96ad106\" data-element_type=\"widget\" data-e-type=\"widget\" data-widget_type=\"spacer.default\">\n\t\t\t\t<div class=\"elementor-widget-container\">\n\t\t\t\t\t\t\t<div class=\"elementor-spacer\">\n\t\t\t<div class=\"elementor-spacer-inner\"><\/div>\n\t\t<\/div>\n\t\t\t\t\t\t<\/div>\n\t\t\t\t<\/div>\n\t\t\t\t<div class=\"elementor-element elementor-element-8fc760e ha-has-bg-overlay elementor-widget elementor-widget-heading\" data-id=\"8fc760e\" data-element_type=\"widget\" data-e-type=\"widget\" data-widget_type=\"heading.default\">\n\t\t\t\t<div class=\"elementor-widget-container\">\n\t\t\t\t\t<h2 class=\"elementor-heading-title elementor-size-default\">\n PROFESIONALNA SEE ELECTRICAL OBUKA <\/h2>\t\t\t\t<\/div>\n\t\t\t\t<\/div>\n\t\t\t\t<div class=\"elementor-element elementor-element-5a0b4dd elementor-widget elementor-widget-text-editor\" data-id=\"5a0b4dd\" data-element_type=\"widget\" data-e-type=\"widget\" data-widget_type=\"text-editor.default\">\n\t\t\t\t<div class=\"elementor-widget-container\">\n\t\t\t\t\t\t\t\t\t<h4>SEE Electrical kursevi za svaki nivo znanja<\/h4>\t\t\t\t\t\t\t\t<\/div>\n\t\t\t\t<\/div>\n\t\t\t\t\t<\/div>\n\t\t<\/div>\n\t\t\t\t\t<\/div>\n\t\t<\/section>\n\t\t\t\t<section class=\"elementor-section elementor-top-section elementor-element elementor-element-3cab234 elementor-section-boxed elementor-section-height-default elementor-section-height-default\" data-id=\"3cab234\" data-element_type=\"section\" data-e-type=\"section\" data-settings=\"{&quot;_ha_eqh_enable&quot;:false}\">\n\t\t\t\t\t\t\t<div class=\"elementor-background-overlay\"><\/div>\n\t\t\t\t\t\t\t<div class=\"elementor-container elementor-column-gap-default\">\n\t\t\t\t\t<div class=\"elementor-column elementor-col-100 elementor-top-column elementor-element elementor-element-f7f280f\" data-id=\"f7f280f\" data-element_type=\"column\" data-e-type=\"column\">\n\t\t\t<div class=\"elementor-widget-wrap elementor-element-populated\">\n\t\t\t\t\t\t<div class=\"elementor-element elementor-element-41b3c7c elementor-widget elementor-widget-text-editor\" data-id=\"41b3c7c\" data-element_type=\"widget\" data-e-type=\"widget\" data-widget_type=\"text-editor.default\">\n\t\t\t\t<div class=\"elementor-widget-container\">\n\t\t\t\t\t\t\t\t\t<ul><li><span style=\"color: #000000;\">IB-CADDY nudi \u0161iroki spektar trening kurseva (na\u0161e kancelarije su potpuno opremljene prostorijama za trening)<\/span><\/li><li><span style=\"color: #000000;\">Mo\u017eete iskoristiti mogu\u0107nosti treninga na licu mesta ili prilago\u0111ene sesije kreirane da zadovolje specifi\u010dne zahteve<\/span><\/li><li><span style=\"color: #000000;\">Pokrenuli smo i veb treninge<\/span>.<\/li><li>IB-CADDY nudi prilago\u0111avanje projekata, konsultacije o specifi\u010dnim zahtevima<\/li><\/ul>\t\t\t\t\t\t\t\t<\/div>\n\t\t\t\t<\/div>\n\t\t\t\t<div class=\"elementor-element elementor-element-eae5a8b elementor-widget elementor-widget-spacer\" data-id=\"eae5a8b\" data-element_type=\"widget\" data-e-type=\"widget\" data-widget_type=\"spacer.default\">\n\t\t\t\t<div class=\"elementor-widget-container\">\n\t\t\t\t\t\t\t<div class=\"elementor-spacer\">\n\t\t\t<div class=\"elementor-spacer-inner\"><\/div>\n\t\t<\/div>\n\t\t\t\t\t\t<\/div>\n\t\t\t\t<\/div>\n\t\t\t\t<div class=\"elementor-element elementor-element-e412d88 elementor-widget elementor-widget-html\" data-id=\"e412d88\" data-element_type=\"widget\" data-e-type=\"widget\" data-widget_type=\"html.default\">\n\t\t\t\t<div class=\"elementor-widget-container\">\n\t\t\t\t\t<iframe align=\"top\" class=\"wrapper\" frameborder=\"0\" height=\"700\" id=\"blockrandom\" name=\"iframe\" scrolling=\"auto\" src=\"https:\/\/www.ib-caddy.com\/mSeminars\/electrical\/index.php?mod=calendar\" width=\"100%\"><\/iframe>\t\t\t\t<\/div>\n\t\t\t\t<\/div>\n\t\t\t\t\t<\/div>\n\t\t<\/div>\n\t\t\t\t\t<\/div>\n\t\t<\/section>\n\t\t\t\t<\/div>","protected":false},"excerpt":{"rendered":"<p>PROFESSIONAL SEE ELECTRICAL TRAINING SEE Electrical Courses for Every Skill Level IB-CADDY offers a wide variety of training courses (Our offices are fully equipped with a training room) You may also take advantage of on-site training or have a customized session created to suit specific requirements. We also launched \u201cweb trainings\u201d. IB-CADDY offers a project [&hellip;]<\/p>","protected":false},"author":5,"featured_media":0,"parent":0,"menu_order":0,"comment_status":"closed","ping_status":"closed","template":"","meta":{"footnotes":""},"class_list":["post-127","page","type-page","status-publish","hentry"],"_links":{"self":[{"href":"https:\/\/electrical.ib-caddy.com\/hr-bih-sr-cg\/wp-json\/wp\/v2\/pages\/127","targetHints":{"allow":["GET"]}}],"collection":[{"href":"https:\/\/electrical.ib-caddy.com\/hr-bih-sr-cg\/wp-json\/wp\/v2\/pages"}],"about":[{"href":"https:\/\/electrical.ib-caddy.com\/hr-bih-sr-cg\/wp-json\/wp\/v2\/types\/page"}],"author":[{"embeddable":true,"href":"https:\/\/electrical.ib-caddy.com\/hr-bih-sr-cg\/wp-json\/wp\/v2\/users\/5"}],"replies":[{"embeddable":true,"href":"https:\/\/electrical.ib-caddy.com\/hr-bih-sr-cg\/wp-json\/wp\/v2\/comments?post=127"}],"version-history":[{"count":42,"href":"https:\/\/electrical.ib-caddy.com\/hr-bih-sr-cg\/wp-json\/wp\/v2\/pages\/127\/revisions"}],"predecessor-version":[{"id":1083,"href":"https:\/\/electrical.ib-caddy.com\/hr-bih-sr-cg\/wp-json\/wp\/v2\/pages\/127\/revisions\/1083"}],"wp:attachment":[{"href":"https:\/\/electrical.ib-caddy.com\/hr-bih-sr-cg\/wp-json\/wp\/v2\/media?parent=127"}],"curies":[{"name":"wp","href":"https:\/\/api.w.org\/{rel}","templated":true}]}}